-4*n(u) - 15*q(u). Let r be y(3). Let z = 247 + r. Is z prime?
True
Let b(f) be the second derivative of 29*f**3/3 - 23*f**2/2 + 25*f. Is b(10) a composite number?
False
Let x = -124 - -125. Is (-2)/8*x - (-717750)/120 prime?
True
Let w(l) = 11 - 8*l - 13*l + 29*l + 3*l**2. Is w(-14) a composite number?
False
Let o = 50 + -82. Let p = o + 47. Is p a prime number?
False
Let d = 3 + 1. Suppose -2*r = -5*r - j, -d*j = 0. Is r + (1 - -79) + -3 a prime number?
False
Let f = -2935 + 28440. Is f a prime number?
False
Is 2987 - (-5 + (4 - (3 + 2))) a prime number?
False
Suppose -3*v = 4*n - 7109, v = -0*v + 3*n + 2374. Is v prime?
True
Suppose 1031*s - 1029*s = 158. Is s a composite number?
False
Is -56486*6/(-48) + 1/4 a composite number?
True
Let q = 16 - 26. Let r(g) = -25*g + 7. Is r(q) prime?
True
Suppose -f + 1059 = -5*w + 15953, -2*f = 5*w - 14882. Is w a prime number?
False
Suppose 0*t - t = -4*s + 62, 3*s - 5*t = 38. Suppose -17 = -4*z + 6*q - q, 3*z + 2*q + s = 0. Let r(x) = 18*x**2 + 2. Is r(z) composite?
True
Suppose -4*c + 21 = -4*g + 1, 3*g = 0. Suppose -3*p = c*t - 2523, 0*t + 1675 = 2*p + t. Suppose -6*b = 50 - p. Is b composite?
False
Let d be (-42)/4 + (-3)/(-2). Let z = d + 11. Is 48 + z - (0 + -1) prime?
False
Let p = -240 - -319. Is p composite?
False
Suppose 0 = -9*m - 0*m. Suppose -u + 3380 + 381 = m. Is u a composite number?
False
Suppose 0 = -3*d + 5*d - 5*l - 36, -5*d - 2*l + 32 = 0. Let q(z) = -2*z**3 + d*z**2 - 2 - 6*z - 4 - 11*z**2 - z**2. Is q(-4) a prime number?
False
Suppose 6*o + 3*q - 58 = o, 0 = -5*o + q + 54. Is (2/(-2) + 770)/(11/o) composite?
False
Let x(u) = 3*u**2 - u - 1. Let a be x(-1). Suppose -8334 = -a*s - 1554. Is (24/(-20))/((-8)/s) prime?
False
Let j = 27 - 23. Let b be ((-3)/(-4))/(1/20). Suppose -3*n + 6*n - b = 0, -3*w + 733 = -j*n. Is w composite?
False
Suppose 2*c - c - 12 = 0. Suppose 0 = -2*i + 80 - c. Suppose -2*f + 3*p = p - 2, 0 = -4*f - 2*p + i. Is f composite?
True
Let g(k) = k**3 + 16*k**2 + 13*k - 19. Is g(12) composite?
True
Let t be (0 - 471)*56/21. Let r = 2343 + t. Is r a prime number?
True
Let d(h) = -38*h**2 - 8*h + 2. Let m be d(-3). Let p(o) = -o**3 - o**2 - 3*o - 6. Let j be p(5). Let c = j - m. Is c composite?
True
Let t be (1*-1)/(14 + -13). Let k(q) = -109*q - 12. Is k(t) a composite number?
False
Suppose 0*w - 3*w + 1 = -p, 0 = 5*p - 2*w + 70. Let c = -50 - -31. Let q = p - c. Is q a composite number?
False
Let v = -19546 - -39129. Is v a composite number?
False
Suppose 0 = -4*o + 53254 - 11018. Is o a prime number?
True
Is ((-2720)/(-12) - 3) + 8/(-12) composite?
False
Let j be (-5)/((-15)/9) + -3. Suppose -w + 0*w + 191 = j. Is w prime?
True
Let f be -316*4/(12/(-3)). Let r = -125 + f. Is r prime?
True
Suppose -2*c = 2 - 0. Let u be (3/(-5))/(c/5). Is 39*2 - (u - 2) a prime number?
False
Suppose 3*x - 136565 = -52*x. Is x composite?
True
Suppose 10*i - 8*i + 20 = 0. Let r(c) = c**3 + 14*c**2 - 6*c + 19. Is r(i) composite?
False
Suppose -27*h + 22*h = -6665. Is h a composite number?
True
Let a(m) = 2*m**3 - 7*m**2 + 7*m - 1. Let l be a(6). Suppose -2*d = 3*d. Suppose -4*b + 3*b + l = d. Is b composite?
True
Let i(g) = 5 - 32*g**2 + 159*g**2 + 4*g - 2. Is i(4) composite?
True
Let m(f) = f**3 + 8*f**2 - 2*f + 10. Let d(i) = -2*i**3 - 16*i**2 + 4*i - 20. Let r(s) = -3*d(s) - 7*m(s). Is r(-9) a composite number?
False
Let o = 4373 - 2052. Is o composite?
True
Suppose -8*r - 5*m + 46633 = -4*r, -r = -2*m - 11655. Is r prime?
True
Let b be 5 - 3 - (-3 + (6 - 3)). Suppose -2*r + 364 = b*r. Is r a composite number?
True
Suppose -3*a = -y - 469, 5*a + 1617 = -4*y - 174. Let b = y + 1013. Is b prime?
False
Suppose -3*p + 1611 = -0*p. Is p a composite number?
True
Suppose -3209 + 244 = -v. Is v prime?
False
Let b be (-2)/(-3 - (-4 - -3)) + 1. Suppose -b*z + 1276 = -z - 3*o, -2*o = -10. Is z a composite number?
False
Let q(i) be the first derivative of i**4 + 7*i**3/3 + 5*i**2/2 + i + 2. Let g be q(-5). Let z = -192 - g. Is z composite?
False
Suppose -j = 145 + 34. Suppose 2*p = -2*p + 1464. Let d = j + p. Is d a composite number?
True
Let b be (-9)/(-6)*86 + 3. Suppose 0*k + 140 = 2*q - 2*k, -2*q + b = 2*k. Let u = -47 + q. Is u a composite number?
True
Suppose 2*p = 4*t + 28582, -5*t = 2*p - 2074 - 26463. Is p composite?
False
Let c be (-1)/((-1014)/1011 - -1). Suppose -c = -l + 5*z, 2*l + 241 = -5*z + 975. Suppose 2*x = -x + 3*b + 207, b - l = -5*x. Is x a prime number?
True
Let h = 40 + -28. Suppose 2*m = -h + 2. Let l(n) = 2*n**2 - 9*n - 12. Is l(m) prime?
True
Suppose d = -3*v - 0 + 11, 0 = -d + 2*v - 4. Let t(o) = 153*o**3 - 3*o**2 + 2. Is t(d) composite?
True
Let w be 13/(-52)*(-1 + -99). Suppose -16*x - 36999 = -w*x. Is x prime?
True
Let l be -59 - ((-12)/3 + 8). Is (-226)/(-4) - l/(-42) prime?
False
Let m(j) = j**3 + 8*j**2 + 6*j - 8. Let y be m(-7). Let r be (-3)/y*(-608 - 5). Is 0/(-4) - 4 - r prime?
False
Let a(c) = 143*c + 1. Let l be (-4)/8 - (-3)/2. Let n be a(l). Let w = n + 121. Is w a composite number?
True
Let x(n) = 237*n. Let r be x(9). Suppose -861 = -2*h + r. Is h a composite number?
True
Suppose 3*k = -4*k + 21. Let y be (41/(-3))/(2/(-36)). Suppose 0*x - y = -k*x. Is x a prime number?
False
Suppose -2*d + h + 10 = 0, 3*d - 20 = -d + 3*h. Let c = 8 - d. Suppose -c*w + 4*w - 89 = 0. Is w prime?
True
Suppose 2*x - 7251 = 5*j + 18602, -4*j = -4. Is x a prime number?
False
Is 6066/(-9)*37/(-2) composite?
True
Let r = -2342 + 3606. Suppose -2*b + 2*v + 2488 = 0, 3*v + 0*v - r = -b. Is b a prime number?
True
Is (32/64)/(1/26086) prime?
True
Let b(m) = 2*m**2 - 4*m + 8. Let i(r) = -r**2 + 2*r - 4. Let q(l) = -3*b(l) - 7*i(l). Is q(-9) a prime number?
True
Suppose 62476 = 4*s + 4*f, -5*s - 4*f = -6*f - 78095. Is s a prime number?
True
Let b(i) = 1918*i**2 - 2*i + 1. Is b(2) a prime number?
True
Let t(i) = i**3 + 6*i**2 + 8*i + 3. Is t(-3) prime?
False
Let u = 25900 + -15815. Is u a composite number?
True
Let r = -77953 - -109722. Is r a prime number?
True
Let z = 9 - 6. Suppose l - 2*k + 50 - 437 = 0, 1883 = 5*l + z*k. Is l prime?
True
Let u(w) = 646*w**2 - 9*w + 6. Is u(-13) a prime number?
True
Let x(q) = q**3 + 12*q**2 + 10*q + 1. Suppose 0 = -8*t + 6*t - 24. Let n be x(t). Let g = n + 188. Is g a composite number?
True
Suppose 9250 = 2*i - 3*j - 49780, 0 = -5*i + j + 147601. Is i composite?
True
Suppose -s - 3*t + 20533 = 0, -5*t + 61583 = -19*s + 22*s. Is s prime?
True
Let z be 130/(((-7)/134)/(-7)). Is (z/30)/((-4)/(-6)) a composite number?
True
Let b be (6*(-5)/25)/((-1)/5). Is (6 + (-45)/b)*3140/(-6) prime?
False
Let s be 0 + (-2*5)/(-2). Suppose -s*v + 912 = 2*b - 439, 0 = -v - b + 269. Is v prime?
True
Suppose -35*u - 116 = -581781. Is u a prime number?
True
Suppose -5*d + 18 - 3 = 0, 6340 = a - 3*d. Is a a composite number?
True
Suppose -3*n + 19889 = -0*n - 5*c, -c - 26496 = -4*n. Is n composite?
True
Let c be (3/2)/(42/112). Is c/(-18) + (-13307)/(-63) prime?
True
Suppose -d - 8 = -4*y + 8, 2*y = 4*d + 8. Let q(m) = 4*m**3 - 6*m**2 + 12*m - 9. Is q(y) a composite number?
False
Suppose 2*b - 3*g - 32 = -3*b, -5*g = 2*b + 12. Is b/(-14) - (-6102)/42 a prime number?
False
Is (1292/8)/(-5 + (-55)/(-10)) prime?
False
Suppose 1536 = -4*n - n - 2*y, -624 = 2*n - 4*y. Let v = 127 - n. Let h = v - 244. Is h a composite number?
False
Let p = -15 - -18. Is 9/p - (-2098)/(-2 - -3) prime?
False
Let a(q) = 3*q**2 + 3*q - 2. Let g be a(2). Suppose -7*d = -5 - g. Suppose -3*n + f + 0*f + 35 = 0, d*f = -n + 25. Is n prime?
True
Let i(z) = -z**3 - 4*z**2 - z. Let p be (-6 - -5) + 4/(-2). Let d be i(p). Is ((-212)/(-8))/((-3)/d) a prime number?
True
Suppose -5*c + 5 = 0, 5*z + 2*c = -2*c - 36. Let q(y) = -17*y - 15 - 8*y + 5*y + 4. Is q(z) a composite number?
False
Suppose o - 93847 = -44*s + 39*s, -4*o + 3*s + 375296 = 0. Is o composite?
False
Suppose 0 = 5*o - 4*d - 1, 2*d = -4*o + 5 + 1. Let t = -18 + 14. Is 109 + t + o/1 composite?
True
Suppose -3*c - 5*m = -3599, -4*c + 3*m + 5953 = c. Is c composite?
False
Let b(m) = m**2 + 6*m + 11. Let t(q) be the third derivative of -q**4/24 + q**3/6 + 7*q**2. Let w be t(7). Is b(w) a prime number?
True
Let r(z) = -z - 2*z + 3*z - z + 1. Let o(u) = -40*u + 2. Let a(i) = o(i) + 4*r(i). Is a(-7) composite?
True
Let v = 26330 + -1467